e prime factors of 14782844.
2, 3695711
List the prime factors of 323747.
43, 7529
List the prime factors of 88547.
88547
What are the prime factors of 5351?
5351
List the prime factors of 5713616.
2, 103, 3467
List the prime factors of 1831905.
3, 5, 40709
List the prime factors of 122909.
89, 1381
List the prime factors of 2744623.
7, 37, 10597
What are the prime factors of 523633?
11, 181, 263
List the prime factors of 4730732.
2, 23, 51421
What are the prime factors of 10275003?
3, 1141667
List the prime factors of 17963617.
7, 41, 62591
List the prime factors of 1811807.
83, 263
What are the prime factors of 9476722?
2, 4738361
List the prime factors of 396019.
13, 41, 743
List the prime factors of 250271.
7, 35753
List the prime factors of 24607543.
59, 569, 733
What are the prime factors of 548480?
2, 5, 857
What are the prime factors of 8947787?
607, 14741
List the prime factors of 3594695.
5, 13, 29, 1907
List the prime factors of 9202233.
3, 37, 82903
List the prime factors of 23427011.
181, 347, 373
List the prime factors of 372096.
2, 3, 17, 19
What are the prime factors of 81718?
2, 7, 13, 449
What are the prime factors of 2342620?
2, 5, 7, 29, 577
What are the prime factors of 250740?
2, 3, 5, 7, 199
List the prime factors of 2231858.
2, 1115929
What are the prime factors of 154328?
2, 101, 191
List the prime factors of 2276212.
2, 569053
What are the prime factors of 1094137?
11, 17, 5851
What are the prime factors of 979552?
2, 7, 4373
List the prime factors of 14066120.
2, 5, 351653
What are the prime factors of 143498?
2, 157, 457
List the prime factors of 236651.
89, 2659
List the prime factors of 5981619.
3, 7, 284839
What are the prime factors of 2965908?
2, 3, 11, 22469
List the prime factors of 1243249.
7, 97, 1831
What are the prime factors of 2717188?
2, 679297
What are the prime factors of 14981264?
2, 936329
List the prime factors of 9561055.
5, 7, 17, 16069
What are the prime factors of 7727287?
23, 191, 1759
List the prime factors of 14483223.
3, 1609247
List the prime factors of 177479.
19, 9341
List the prime factors of 5327679.
3, 7, 61, 4159
What are the prime factors of 418113?
3, 46457
List the prime factors of 816450.
2, 3, 5, 5443
List the prime factors of 173628.
2, 3, 7, 13, 53
What are the prime factors of 2918214?
2, 3, 13, 4157
What are the prime factors of 346386?
2, 3, 57731
What are the prime factors of 2200874?
2, 13, 84649
What are the prime factors of 1540159?
19, 103, 787
What are the prime factors of 132672?
2, 3, 691
List the prime factors of 4866462.
2, 3, 37, 7307
List the prime factors of 278539.
59, 4721
What are the prime factors of 34476?
2, 3, 13, 17
What are the prime factors of 3489623?
853, 4091
What are the prime factors of 720543?
3, 461, 521
List the prime factors of 7011976.
2, 876497
What are the prime factors of 1903530?
2, 3, 5, 107, 593
List the prime factors of 4768690.
2, 5, 476869
What are the prime factors of 5431202?
2, 7, 227, 1709
List the prime factors of 243141.
3, 81047
What are the prime factors of 999552?
2, 3, 19, 137
What are the prime factors of 3034140?
2, 3, 5, 61, 829
List the prime factors of 34563617.
11, 743, 4229
What are the prime factors of 929989?
47, 421
What are the prime factors of 1299330?
2, 3, 5, 14437
What are the prime factors of 16452703?
43, 382621
What are the prime factors of 443451?
3, 53, 2789
What are the prime factors of 4213619?
101, 41719
List the prime factors of 10749321.
3, 11, 17, 2129
List the prime factors of 5282383.
5282383
List the prime factors of 1129031.
727, 1553
What are the prime factors of 1399028?
2, 397, 881
What are the prime factors of 2372378?
2, 19, 149, 419
List the prime factors of 728842.
2, 373, 977
What are the prime factors of 274309?
7, 149, 263
List the prime factors of 205053.
3, 68351
What are the prime factors of 622148?
2, 155537
What are the prime factors of 158656?
2, 37, 67
What are the prime factors of 4469219?
29, 154111
List the prime factors of 10292.
2, 31, 83
List the prime factors of 3435320.
2, 5, 7, 12269
What are the prime factors of 31615061?
31615061
What are the prime factors of 584661?
3, 7, 11, 2531
What are the prime factors of 188105?
5, 17, 2213
What are the prime factors of 1272166?
2, 7, 89, 1021
List the prime factors of 23939916.
2, 3, 7, 11, 13, 1993
What are the prime factors of 17995774?
2, 19, 139, 3407
What are the prime factors of 6170208?
2, 3, 11, 5843
List the prime factors of 1174544.
2, 7, 10487
What are the prime factors of 35156?
2, 11, 17, 47
What are the prime factors of 1400490?
2, 3, 5, 7, 13, 19
List the prime factors of 5100502.
2, 11, 231841
What are the prime factors of 41739?
3, 13913
List the prime factors of 412089.
3, 137363
What are the prime factors of 8912140?
2, 5, 19, 47, 499
What are the prime factors of 14078609?
3673, 3833
List the prime factors of 5074860.
2, 3, 5, 7, 43, 281
List the prime factors of 8633920.
2, 5, 26981
List the prime factors of 27067496.
2, 1229, 2753
What are the prime factors of 42013?
42013
List the prime factors of 574378.
2, 7, 5861
What are the prime factors of 154857?
3, 41, 1259
What are the prime factors of 228475?
5, 13, 19, 37
List the prime factors of 1051597.
739, 1423
What are the prime factors of 3175004?
2, 7, 97, 167
What are the prime factors of 18196240?
2, 5, 227453
What are the prime factors of 8596098?
2, 3, 7, 22741
What are the prime factors of 6357010?
2, 5, 11, 57791
What are the prime factors of 346315?
5, 69263
List the prime factors of 218491.
7, 13
List the prime factors of 205295.
5, 19, 2161
List the prime factors of 243024.
2, 3, 61, 83
What are the prime factors of 233819?
73, 3203
What are the prime factors of 304177?
37, 8221
What are the prime factors of 9518583?
3, 29, 37, 2957
List the prime factors of 22116702.
2, 3, 31, 118907
What are the prime factors of 910648?
2, 89, 1279
List the prime factors of 336916.
2, 84229
List the prime factors of 1116895.
5, 13, 17183
What are the prime factors of 261146?
2, 37, 3529
What are the prime factors of 11304939?
3, 239, 15767
What are the prime factors of 1775750?
2, 5, 7103
What are the prime factors of 7530669?
3, 19, 47, 937
List the prime factors of 1100159.
23, 31, 1543
List the prime factors of 18432256.
2, 89, 809
What are the prime factors of 111056?
2, 11, 631
What are the prime factors of 3746614?
2, 1873307
List the prime factors of 3256627.
11, 137, 2161
List the prime factors of 4149165.
3, 5, 163, 1697
What are the prime factors of 221377?
13, 17029
List the prime factors of 818514.
2, 3, 37, 1229
What are the prime factors of 12301447?
163, 463
What are the prime factors of 2028676?
2, 13, 3001
What are the prime factors of 614152?
2, 7, 11, 997
List the prime factors of 59449.
13, 17, 269
What are the prime factors of 2532004?
2, 633001
What are the prime factors of 4618342?
2, 613, 3767
List the prime factors of 601245.
3, 5, 31, 431
List the prime factors of 2938980.
2, 3, 5, 11, 61, 73
What are the prime factors of 4469941?
7, 113, 5651
List the prime factors of 112593.
3, 13, 2887
What are the prime factors of 171486?
2, 3, 7, 1361
List the prime factors of 629706.
2, 3, 7, 11, 29, 47
List the prime factors of 5882591.
11, 13, 31, 1327
What are the prime factors of 17159152?
2, 1072447
What are the prime factors of 307278?
2, 3, 43, 397
What are the prime factors of 15889940?
2, 5, 11, 72227
What are the prime factors of 83515?
5, 16703
What are the prime factors of 4857752?
2, 607219
What are the prime factors of 239409?
3, 8867
What are the prime factors of 21083782?
2, 31, 340061
What are the prime factors of 201304?
2, 25163
List the prime factors of 133018.
2, 66509
List the prime factors of 13960224.
2, 3, 48473
What are the prime factors of 1513910?
2, 5, 151391
List the prime factors of 713561.
149, 4789
What are the prime factors of 1360500?
2, 3, 5, 907
List the prime factors of 1047273.
3, 31, 11261
List the prime factors of 25437135.
3, 5, 1695809
List the prime factors of 232354.
2, 116177
What are the prime factors of 204434?
2, 102217
What are the prime factors of 138443?
167, 829
What are the prime factors of 17877147?
3, 79, 75431
List the prime factors of 1830640.
2, 5, 7, 467
What are the prime fac